ided by 46?
38
What is the remainder when 100936 is divided by 140?
136
What is the remainder when 17295 is divided by 416?
239
What is the remainder when 56465 is divided by 852?
233
Calculate the remainder when 656 is divided by 22.
18
Calculate the remainder when 47874 is divided by 23826.
222
What is the remainder when 102851 is divided by 33?
23
What is the remainder when 980968 is divided by 1?
0
What is the remainder when 2522914 is divided by 506?
504
Calculate the remainder when 136295 is divided by 885.
5
Calculate the remainder when 59814 is divided by 273.
27
What is the remainder when 158 is divided by 79?
0
Calculate the remainder when 11231 is divided by 10381.
850
Calculate the remainder when 10373 is divided by 251.
82
Calculate the remainder when 193846 is divided by 197.
195
What is the remainder when 39987 is divided by 18?
9
Calculate the remainder when 20000 is divided by 76.
12
Calculate the remainder when 22067 is divided by 18.
17
What is the remainder when 412440 is divided by 388?
384
Calculate the remainder when 29800 is divided by 18.
10
Calculate the remainder when 66591 is divided by 5549.
3
What is the remainder when 61357 is divided by 30650?
57
Calculate the remainder when 272654 is divided by 20.
14
What is the remainder when 1621 is divided by 394?
45
Calculate the remainder when 49191 is divided by 4468.
43
Calculate the remainder when 4331 is divided by 20.
11
What is the remainder when 7234 is divided by 2352?
178
Calculate the remainder when 7982 is divided by 3964.
54
What is the remainder when 258944 is divided by 305?
304
Calculate the remainder when 5642 is divided by 339.
218
What is the remainder when 17796 is divided by 3497?
311
Calculate the remainder when 73921 is divided by 157.
131
What is the remainder when 1097203 is divided by 36?
31
Calculate the remainder when 7012 is divided by 35.
12
What is the remainder when 71718 is divided by 7?
3
What is the remainder when 4408 is divided by 90?
88
What is the remainder when 35893 is divided by 7169?
48
Calculate the remainder when 6884 is divided by 184.
76
What is the remainder when 295899 is divided by 9?
6
What is the remainder when 13808 is divided by 771?
701
What is the remainder when 111241 is divided by 16?
9
Calculate the remainder when 734638 is divided by 20.
18
Calculate the remainder when 3377 is divided by 9.
2
What is the remainder when 36796 is divided by 18288?
220
Calculate the remainder when 12445 is divided by 283.
276
What is the remainder when 55611 is divided by 88?
83
Calculate the remainder when 11261 is divided by 44.
41
What is the remainder when 208721 is divided by 669?
662
Calculate the remainder when 4141 is divided by 207.
1
What is the remainder when 18614 is divided by 490?
484
Calculate the remainder when 37068 is divided by 206.
194
Calculate the remainder when 14405 is divided by 4505.
890
What is the remainder when 42197 is divided by 580?
437
What is the remainder when 21243 is divided by 7?
5
Calculate the remainder when 60382 is divided by 54.
10
Calculate the remainder when 33049 is divided by 148.
45
What is the remainder when 4784 is divided by 462?
164
What is the remainder when 1489 is divided by 949?
540
What is the remainder when 1473189 is divided by 74?
71
Calculate the remainder when 2018 is divided by 1460.
558
Calculate the remainder when 80455 is divided by 61.
57
What is the remainder when 115994 is divided by 648?
2
Calculate the remainder when 1144707 is divided by 7.
4
Calculate the remainder when 37656 is divided by 9410.
16
What is the remainder when 8040 is divided by 450?
390
What is the remainder when 5760 is divided by 126?
90
Calculate the remainder when 12407 is divided by 413.
17
What is the remainder when 7484 is divided by 6?
2
What is the remainder when 124701 is divided by 124693?
8
What is the remainder when 1549461 is divided by 24?
21
Calculate the remainder when 1047 is divided by 1016.
31
Calculate the remainder when 14514 is divided by 19.
17
Calculate the remainder when 692450 is divided by 173105.
30
Calculate the remainder when 85339 is divided by 37.
17
What is the remainder when 23452 is divided by 4659?
157
Calculate the remainder when 136446 is divided by 19.
7
Calculate the remainder when 8885 is divided by 193.
7
What is the remainder when 407236 is divided by 78?
76
What is the remainder when 5173 is divided by 355?
203
Calculate the remainder when 45283 is divided by 23.
19
What is the remainder when 3380 is divided by 377?
364
What is the remainder when 59715 is divided by 30?
15
Calculate the remainder when 977 is divided by 18.
5
Calculate the remainder when 3650 is divided by 1130.
260
Calculate the remainder when 22004 is divided by 44.
4
What is the remainder when 14363 is divided by 717?
23
Calculate the remainder when 1086917 is divided by 147.
146
What is the remainder when 2641 is divided by 849?
94
What is the remainder when 37747 is divided by 4142?
469
Calculate the remainder when 351035 is divided by 20.
15
Calculate the remainder when 4226 is divided by 274.
116
Calculate the remainder when 1101 is divided by 136.
13
Calculate the remainder when 40587 is divided by 489.
0
Calculate the remainder when 21747 is divided by 560.
467
Calculate the remainder when 33982 is divided by 537.
151
What is the remainder when 44242 is divided by 18?
16
Calculate the remainder when 2169 is divided by 1868.
301
What is the remainder when 9729573 is divided by 102?
99
What is the remainder when 281 is divided by 133?
15
Calculate the remainder when 2663822 is divided by 58.
56
Calculate the remainder when 370227 is divided by 22.
11
What is the remainder when 1712810 is divided by 17?
9
Calculate the remainder when 4691 is divided by 780.
11
What is the remainder when 3870 is divided by 1006?
852
What is the remainder when 82988 is divided by 111?
71
What is the remainder when 60444 is divided by 30217?
10
What is the remainder when 61215 is divided by 32?
31
Calculate the remainder when 4002 is divided by 3985.
17
Calculate the remainder when 113416 is divided by 652.
620
What is the remainder when 38550 is divided by 11?
6
What is the remainder when 18600 is divided by 82?
68
Calculate the remainder when 12128 is divided by 83.
10
Calculate the remainder when 31527 is divided by 11.
1
What is the remainder when 1142 is divided by 1041?
101
What is the remainder when 120172 is divided by 1560?
52
Calculate the remainder when 124322 is divided by 15535.
42
Calculate the remainder when 14115 is divided by 4343.
1086
Calculate the remainder when 18649 is divided by 221.
85
Calculate the remainder when 286765 is divided by 73.
21
What is the remainder when 3117 is divided by 65?
62
Calculate the remainder when 147888 is divided by 131.
120
Calculate the remainder when 29288 is divided by 6819.
2012
What is the remainder when 90684 is divided by 8?
4
Calculate the remainder when 6729 is divided by 280.
9
What is the remainder when 2849 is divided by 406?
7
Calculate the remainder when 474955 is divided by 15.
10
Calculate the remainder when 160286 is divided by 76.
2
Calculate the remainder when 4833 is divided by 2371.
91
Calculate the remainder when 12299 is divided by 641.
120
Calculate the remainder when 1088315 is divided by 77.
74
Calculate the remainder when 1330 is divided by 1295.
35
Calculate the remainder when 2142 is divided by 143.
140
Calculate the remainder when 6188 is divided by 514.
20
Calculate the remainder when 9814 is divided by 3205.
199
What is the remainder when 4687 is divided by 50?
37
Calculate the remainder when 68514 is divided by 25.
14
Calculate the remainder when 732469 is divided by 183115.
9
Calculate the remainder when 300800 is divided by 49.
38
Calculate the remainder when 29131 is divided by 182.
11
Calculate the remainder when 2205 is divided by 154.
49
What is the remainder when 9967 is divided by 68?
39
What is the remainder when 191411 is divided by 19138?
31
What is the remainder when 3198660 is divided by 515?
510
Calculate the remainder when 52652 is divided by 702.
2
What is the remainder when 3076 is divided by 104?
60
Calculate the remainder when 4204 is divided by 67.
50
Calculate the remainder when 1559829 is d